e 16) to base 10
854614
Convert 31303214 (base 5) to base 14.
6a97b
11770333 (base 9) to base 5
2434231303
Convert -478fd (base 16) to base 14.
-78b6d
What is -33303321 (base 6) in base 14?
-1c1bb3
Convert 11ddb (base 16) to base 4.
101313123
What is 1372617 (base 8) in base 16?
5f58f
-108052 (base 10) to base 4
-122120110
1112112100021 (base 3) to base 14
173c9d
What is -33549d (base 15) in base 14?
-47a159
Convert -1f1246 (base 16) to base 12.
-8224b2
Convert -2104241 (base 5) to base 8.
-104202
Convert 1210442443 (base 5) to base 16.
2b2661
Convert -62104015 (base 8) to base 15.
-1248e04
-5aa30 (base 13) to base 10
-166504
Convert -112332312312 (base 4) to base 6.
-333043450
-112721 (base 10) to base 3
-12201121212
1376815 (base 11) to base 2
1001000001101011011011
Convert 10111011000011001000 (base 2) to base 9.
1386860
-93207b (base 15) to base 4
-122223103130
-1001111010011011101110 (base 2) to base 11
-1515439
Convert 11101101101111000111 (base 2) to base 3.
1211110202110
Convert 402100431 (base 5) to base 11.
9a0930
Convert 1592b (base 13) to base 10.
41104
-21002201 (base 4) to base 6
-443225
Convert -130aad (base 16) to base 11.
-782640
Convert 83255 (base 9) to base 13.
1bca1
What is -553323 (base 6) in base 11?
-31728
What is a0556 (base 15) in base 7?
4212315
Convert 3a3 (base 11) to base 6.
2112
What is 3331230 (base 7) in base 8?
1442631
7a473 (base 14) to base 10
297237
-11100220121011 (base 3) to base 5
-1043231333
Convert 22713041 (base 8) to base 5.
2232004013
Convert 72304030 (base 8) to base 16.
e98818
4434461 (base 9) to base 16
24642a
What is 33131211 (base 4) in base 2?
1111011101100101
What is 10010100110111111 (base 2) in base 14?
1dac7
Convert -680ab9 (base 13) to base 8.
-11300750
What is -2470095 (base 11) in base 2?
-10000010111010101111101
Convert ad4c7 (base 14) to base 16.
66bb7
Convert -1203033 (base 5) to base 11.
-15804
-221021322 (base 4) to base 5
-20343240
Convert -2ac008 (base 13) to base 7.
-11651354
-3c25 (base 14) to base 8
-24571
Convert -4517a85 (base 12) to base 10.
-13222469
-3095373 (base 13) to base 8
-70206606
Convert 203103303 (base 5) to base 10.
831703
-15533335 (base 6) to base 9
-1037655
What is 110011001111111000000 (base 2) in base 7?
20162623
What is cd8167 (base 15) in base 14?
1430975
Convert 1aa348 (base 12) to base 10.
473960
-112171405 (base 8) to base 11
-aa9226a
What is -719241 (base 10) in base 14?
-14a185
What is 7380631 (base 10) in base 14?
da1a3d
-2202001000222 (base 3) to base 4
-11203302101
-51206335 (base 7) to base 2
-10000010010110001101001
What is -102120200010021 (base 3) in base 4?
-113132201002
1020220201022 (base 3) to base 8
2427644
Convert 1321323021 (base 4) to base 9.
841040
1034115 (base 7) to base 14
34045
What is -233656 (base 7) in base 6?
-523141
Convert -2b5d7c (base 15) to base 8.
-7774666
What is 20804 (base 15) in base 7?
606310
-3a5d5 (base 16) to base 15
-4ac76
Convert 403263 (base 11) to base 4.
2132110330
Convert -4094154 (base 10) to base 9.
-7630110
Convert 8412b6 (base 16) to base 5.
4203434132
Convert -299684 (base 10) to base 9.
-506072
Convert -29aad4 (base 14) to base 11.
-901161
-100011010000110001000 (base 2) to base 7
-12551462
-1113020123 (base 4) to base 10
-356891
What is 84465 (base 12) in base 10?
173453
536aa (base 12) to base 10
109858
2202424 (base 7) to base 6
5441044
What is 67fdb (base 16) in base 9?
718254
136868 (base 15) to base 11
588304
c70c3e (base 15) to base 16
907ec2
Convert 3723713 (base 8) to base 13.
29bcc9
What is -102220 (base 5) in base 14?
-1375
Convert -101100020001 (base 3) to base 10.
-203554
-148fa (base 16) to base 11
-58302
Convert -101202201212 (base 4) to base 14.
-87986a
21112000202 (base 3) to base 13
524a2
-201ca8 (base 16) to base 2
-1000000001110010101000
Convert -b436 (base 15) to base 2.
-1001010010111100
Convert -117cc3 (base 14) to base 8.
-2217723
What is -968818 (base 10) in base 6?
-32433134
Convert 5240 (base 16) to base 7.
115250
22405a (base 11) to base 12
152571
Convert -1511988 (base 14) to base 8.
-47112304
What is 210424400 (base 6) in base 10?
3673872
What is 11013012 (base 4) in base 12?
10146
What is 1307 (base 12) in base 4?
201313
Convert -14205125 (base 6) to base 2.
-1110101111110101101
What is -8446 (base 11) in base 3?
-120100011
2a92b78 (base 13) to base 14
1b4b27b
What is 140000143 (base 5) in base 16?
abac5
What is -75003 (base 12) in base 5?
-14410140
1110122 (base 4) to base 2
1010100011010
What is 320c6b (base 14) in base 13?
473638
-55a78 (base 12) to base 14
-2d6c4
Convert -250123134 (base 6) to base 10.
-4769986
200123323 (base 4) to base 3
20202020201
11111001100010100 (base 2) to base 10
127764
-11b0819 (base 12) to base 16
-34db95
Convert -450510130 (base 6) to base 12.
-2895346
What is -241302144 (base 5) in base 14?
-211b61
-1c12b9 (base 15) to base 4
-11032223322
Convert -1213121 (base 8) to base 4.
-1101121101
151119a (base 11) to base 8
11710372
Convert -121113022 (base 4) to base 16.
-195ca
1010001122013 (base 4) to base 12
5b7b233
Convert 112032121211 (base 4) to base 15.
7a13ee
What is -20310221100 (base 4) in base 11?
-133a6a1
-9528b (base 12) to base 4
-233301023
5445547 (base 9) to base 12
b8bb8a
-a841 (base 15) to base 9
-53757
What is 21243243 (base 5) in base 9?
305342
-1235c9 (base 13) to base 7
-3464120
What is dae2 (base 16) in base 8?
155342
Convert -331221 (base 7) to base 14.
-17248
13a434 (base 12) to base 16
504e8
644884 (base 12) to base 4
12002233210
Convert 1f88a (base 16) to base 7.
1045365
-248882a (base 11) to base 3
-22010021120122
What is 53143243 (base 6) in base 14?
2c613d
Convert 15407 (base 12) to base 13.
10837
Convert -35032 (base 8) to base 7.
-61236
What is 50205240 (base 6) in base 2?
101011001110011011000
Convert -b37b4 (base 14) to base 8.
-1514322
What is -18597 (base 11) in base 5?
-1313000
Convert -408966 (base 10) to base 11.
-25a298
What is -341132113 (base 5) in base 10?
-1505283
-7d789 (base 14) to base 3
-120112212012
Convert -14033153 (base 9) to base 10.
-6930732
What is -433260 (base 11) in base 14?
-1404b2
Convert -335594 (base 10) to base 11.
-20a156
-636902 (base 13) to base 11
-1350197
20022043 (base 5) to base 8
464115
-45754a1 (base 11) to base 15
-a80b0b
Convert 64a118 (base 13) to base 8.
11011402
-101211111121 (base 3) to base 2
-110100000011110011
-101000010100011100011001 (base 2) to base 3
-201212222121212
Convert 1111001103 (base 4) to base 15.
6d2b3
What is 498b19 (base 12) in base 2?
100100100010101000101
What is -111e6 (base 16) in base 14?
-1b7a6
Convert 5360a9 (base 11) to base 6.
30212523
Convert 65b73c (base 14) to base 9.
6438337
Convert -130222 (base 5) to base 8.
-11706
Convert -257215 (base 10) to base 2.
-111110110010111111
What is 592293 (base 14) in base 15?
400eed
1293452 (base 10) to base 15
1a83a2
Convert -1068639 (base 12) to base 5.
-1300001013
Convert 572702 (base 8) to base 4.
233113002
What is -1304053 (base 8) in base 9?
-612271
-ca9ea (base 15) to base 2
-10011101000110100111
Convert 241325 (base 8) to base 14.
22193
Convert 423a448 (base 11) to base 5.
3402403430
What is 6859456 (base 10) in base 13?
1562266
What is 103330001231 (base 4) in base 9?
10745488
Convert 203 (base 16) to base 12.
36b
Convert 544200 (base 7) to base 15.
1d2a9
1076457 (base 8) to base 2
1000111110100101111
Convert 37562376 (base 8) to base 13.
1952306
Convert 247294 (base 11) to base 7.
3213661
46072 (base 11) to base 2
10000010001000101
Convert -1000110111101000110100 (base 2) to base 13.
-635387
What is 506410 (base 7) in base 6?
1503304
-101100001111010111 (base 2) to base 15
-38a57
6ac9 (base 13) to base 3
202121221
What is f9bea3 (base 16) in base 3?
1010210112200002
22a836 (base 15) to base 16
194331
Convert -1043154 (base 7) to base 3.
-20112002110
What is -2b6ca (base 15) in base 4?
-202022023
-65c6d (base 16) to base 10
-416877
301301303 (base 4) to base 9
340615
Convert 27b567 (base 14) to base 9.
2526233
2203021 (base 6) to base 12
53471
What is 202211121131 (base 4) in base 11?
5132529
-11835 (base 11) to base 14
-628a
What is -455545 (base 11) in base 13?
-1c4b37
Convert -3707699 (base 11) to base 3.
-110010210202001
What is 10210122 (base 4) in base 16?
491a
-434421305 (base 6) to b